(i).
6
Let n(z) be the first derivative of z**4/4 + z**3/3 - z**2 + 2*z + 76. Give n(-2).
2
Let p(j) = -j**2 + 3*j - 2. Suppose 0*f - 5*k - 90 = 3*f, -9 = 3*k. Let v be (-48)/(-6)*(f/(-10))/5. Give p(v).
-6
Suppose 13*l = 8*l + 65. Let r = -11 + l. Let s(n) = 11 + n**r + 1 - n**3 - n + n. Calculate s(0).
12
Let v(k) = -571*k + 6 + 289*k - 5 + 4 + 283*k. Give v(3).
8
Let b(u) = u + 5. Suppose 297 = 11*h + 605. Let f be 66/(-15)*(-2 + 7). Let q = f - h. What is b(q)?
11
Let t(i) = -16*i**2 + 25*i - 48. Let w(o) = 19*o**2 - 27*o + 48. Let v(l) = -6*t(l) - 5*w(l). Calculate v(5).
-2
Let x(n) = 43*n - 169. Let s be x(4). Let f(u) = s*u + 535*u**2 + u**3 - 208 - 530*u**2 + 204. What is f(-4)?
0
Let l(y) be the third derivative of 0 + 2/3*y**3 + 0*y**5 - 5/24*y**4 - 18*y**2 + 1/120*y**6 + 0*y. What is l(3)?
16
Let z(v) = 8*v + 19. Let p be z(-2). Let f(q) = 7*q + 7. Let j(c) = 8*c + 9. Let r(u) = 7*f(u) - 6*j(u). What is r(p)?
-2
Let m be (-8)/(-3)*(-26)/((-2808)/(-81)). Let a(c) = 21*c + 24. Give a(m).
-18
Suppose 3*y + 43*d = 48*d - 79, 3*y = -5*d - 89. Let v(s) = s**3 + 28*s**2 - 9*s - 238. Calculate v(y).
14
Let n(j) = 5*j**2 - 7 + 25*j**3 - 44*j**3 - 3*j + 1 + 2 + 20*j**3. Let g = 5 - 10. What is n(g)?
11
Let a(d) = 8*d**2 - 8*d**3 - 5*d + 3 + 10*d**3 - 2 - 3*d**3 - d**2. Calculate a(7).
-34
Let r = -267 + 280. Let l(t) = t**2 - 16*t + 20. What is l(r)?
-19
Let a(n) = -11*n**3 - 3*n**2 + 2. Let m(i) = -38*i**3 - 9*i**2 - i + 8. Let k(c) = -7*a(c) + 2*m(c). What is k(2)?
18
Let p(c) = -c**3 + c**2 + 2. Let w(h) = -7*h**3 + 13*h**2 - 12*h + 11. Let g(o) = 6*p(o) - w(o). Calculate g(7).
85
Let a(s) = 32758*s**3 + 6*s**2 - 5*s**2 - 2*s - 32760*s**3. Suppose -7 = -h - l - 1, 4*h - 20 = -3*l. Determine a(h).
-16
Let m = 6558 + -6555. Let r(o) = -2*o**3 + 8*o**2 - 5*o + 5. Determine r(m).
8
Let j be (-11 - -13)/((-5)/2*(-60)/(-525)). Let o(b) = -b - 28. Give o(j).
-21
Let i(o) = 64*o. Let g be i(3). Let v(n) = -2*n**2 - g*n - 202*n + 382*n + n**2 - 11. Determine v(-9).
16
Let f(n) be the second derivative of n**5/10 + 5*n**4/3 - 17*n**3/2 - 25*n**2/2 + 5103*n. What is f(-12)?
11
Suppose -5 = -3*y + 13. Let s be (-20)/(-15) + (200/15)/20. Let p(i) = 8*i**2 - 6*i**2 + i**2 + y*i**s. Determine p(1).
9
Let x(b) = -5*b**3 - 1. Suppose 0 = 33*w + 78*w + 44 - 266. What is x(w)?
-41
Let i(y) = -y**3 - 7*y**2 - 3*y + 14. Let b(p) = p - 23. Let q be b(17). Let n be i(q). Let z(g) = g**3 + 6*g**2 + 5*g. Give z(n).
12
Suppose -4*w + 3*a - 12 + 34 = 0, 4*w - 4*a - 24 = 0. Suppose -14 = -4*o + w*h + 6, 3*o - 5 = h. Let g(i) = -i + 33. Determine g(o).
33
Let c(n) = -8*n + 5. Let h(x) = 9*x - 2. Let m(b) = -5*c(b) - 4*h(b). Let v(i) = 4. Let s(p) = m(p) + 4*v(p). Calculate s(1).
3
Let m(g) be the first derivative of g**4/4 - 2*g**3 - 5*g**2 + 7*g + 85. Let s(y) = y**3 - 7*y**2 - 12*y + 8. Let o(v) = -5*m(v) + 4*s(v). Determine o(2).
1
Let o(a) = 2*a + 1. Let b(r) = r**3 - 13*r**2 + 22*r + 2. Let f be b(11). Let g(n) = -60 + 58 - 3*n - f*n. Let z(u) = -4*g(u) - 9*o(u). What is z(-3)?
-7
Suppose -3*z = -3*s + 39, -z + 255 = 4*s + 203. Let u(p) = 8*p - 30. Calculate u(s).
74
Let o(h) = -6*h**2 - 104 - 37*h + 90 - 40*h + 83*h. Calculate o(2).
-26
Suppose 18*k - 7*k - 33 = 0. Let i(h) = h**2 + k*h**2 + 25*h**3 - 24*h**3 + 4 + 4*h. Calculate i(-4).
-12
Let k(j) = -6*j. Let a be -5 - 150 - (1 - 3). Let h = 154 + a. Calculate k(h).
-6
Let z(y) be the second derivative of -8*y**2 - 3/2*y**3 - 1/20*y**5 - 9 - 1/2*y**4 - y. Calculate z(-5).
4
Suppose 36 = -6*f + 3*f. Let q(b) be the second derivative of -b**5/20 - b**4 - b**3/6 - 7*b**2 + 60*b + 1. Calculate q(f).
-2
Let d(m) = -14*m**2 - m. Let q be d(-1). Let p(k) = -955*k**3 + 477*k**3 + 11 - 14*k**2 - 2 - 12*k + 477*k**3 - k. Give p(q).
9
Let o = 7297 + -7301. Let a(w) = 73*w + 291. Determine a(o).
-1
Let x(g) = -g**3 + 62 + 10*g - 6*g**2 - 15*g - 68. Let b be -1 - (1 - (-3)/(-3)). Let z = b - 4. Give x(z).
-6
Let g(p) = p**2 + 6. Suppose -j = 4*k - 9, 5*k + 0 - 58 = -4*j. Suppose -3*l = -4*y - 31, 5*l + 4*y - j = 2*y. Let t = l + -5. Determine g(t).
6
Suppose 15*t = -15*t. Suppose t = -10*p - 4*p - 84. Let k(z) = -z**3 - 5*z**2 + 7*z + 3. Give k(p).
-3
Let s(x) = -5*x - 4. Let a(n) be the first derivative of n**5/60 + n**4/24 - 10*n**3/3 - 4. Let w(k) be the third derivative of a(k). Let y be w(-2). Give s(y).
11
Suppose 0 = -4*b - g + 43, -4*g + 2 = 22. Let c = -3495 + 3482. Let x = b + c. Let m(h) = 4*h**2. Determine m(x).
4
Let w(k) be the third derivative of k**7/840 - k**6/360 - k**5/120 + 7*k**4/24 + 28*k**3/3 - 16*k**2. Let m(s) be the first derivative of w(s). Calculate m(0).
7
Let c(t) = -3*t**3 + t**2 - 2*t. Let p(i) = -3*i**3 + 7*i**2 - 12*i - 1. Let x(o) = -7*c(o) + p(o). Calculate x(1).
19
Let y(p) = 5 + 50*p**2 - 96 + 10*p + 80. Give y(1).
49
Let w be (14/28)/((2/24)/(3 - 4)). Let z(q) = 5*q + 48. Determine z(w).
18
Let h(m) = -m**3 - 5*m**2 + 6*m + 6. Let u be (1 - -5)*(1 + (-4)/6). Suppose -4*g = -g + u*q - 120, 4*g = q + 160. Let y = g - 46. Determine h(y).
6
Suppose -2*t = -3*a, -2*t + 0*t = -4*a. Let k(x) = 4*x**2 - 19*x - 8. Let l(n) = -n**2 + 4*n + 1. Let u(v) = -k(v) - 5*l(v). Calculate u(t).
3
Let s(k) = 7*k**3 - 5*k**2 - 16*k - 21. Let n(v) = -32*v**3 + 19*v**2 + 65*v + 86. Let t(u) = 2*n(u) + 9*s(u). Calculate t(-5).
3
Let v(i) = 33*i + 276. Let j be v(-11). Let q(d) = -d**3 + 7*d**2 - 2*d - 8. Let b be q(8). Let g = b - j. Let r(n) = -6*n - 1. Determine r(g).
5
Let y(b) be the third derivative of -1/24*b**4 - 7/3*b**3 - 2*b**2 + 28 + 0*b. What is y(-13)?
-1
Let d = -193 + 196. Let z(f) = -f + 11 + d*f - 3*f - 15. Give z(-2).
-2
Let x be 6/5*5 + -2. Suppose -5*v + 8 = -s, x*v - v - 5*s + 4 = 0. Let h(p) = -3*p**v + 2*p**2 - 4 + 3*p + 5 - 7. Give h(5).
-16
Suppose -2 - 4 = v. Let d(i) be the first derivative of -i**2 - 10*i + 12953. Determine d(v).
2
Suppose -3 + 12 = 3*a + 5*v, -4 = a + 4*v. Suppose -10 + a = -h. Let f(c) = c**3 + c**2 + 2*c - 2. Give f(h).
14
Suppose 630*t - 900*t + 810 = 0. Let o(p) = 16*p + 2*p - 3*p - 3. What is o(t)?
42
Let h(o) be the third derivative of -o**4/2 - o**3/3 + 229*o**2. Let m(y) = -5*y - 1. Let p(r) = 2*h(r) - 5*m(r). Determine p(12).
13
Let i = 170 - 167. Suppose 0*s + 12 = i*s, 0 = -4*h + s + 28. Let r(n) = -n**3 + 9*n**2 - 7*n - 13. Give r(h).
-5
Let y(h) = -9*h**2 - 110*h**3 - 114*h**3 + 7 - 105*h**3 + h + 328*h**3. What is y(-9)?
-2
Let p(g) = -g + 5. Let u = 74 - 124. Let b = -77 - -34. Let t = b - u. Determine p(t).
-2
Let u(o) be the first derivative of 2*o**3/3 + 15*o**2 - 74*o - 2629. Calculate u(-17).
-6
Let b(w) = 3*w - 7. Let n(u) = 2*u + 19. Let j(c) = -c**2 - 12*c + 6. Let o be j(-13). Let z be n(o). What is b(z)?
8
Let f = -28413 - -28431. Let j(u) = u**3 - 18*u**2 - 13. Give j(f).
-13
Let x(o) = -2 - 9*o**2 - 5 + 19 - 10 + 2*o. Calculate x(-1).
-9
Let d(l) = -76 - 23 + 3*l - 33 + 3 + 39. What is d(23)?
-21
Let y(d) = 1071*d - 2194*d + 10*d**3 + 1123*d. Let p be 2 - -2*(1 + 0). Let h be (-2)/4 + 6/p. Calculate y(h).
10
Let u(m) = -20*m - 6 + 10*m - 7 + 19*m - 4*m**2 + 11*m**2. Determine u(2).
33
Let i be (54/45)/(3*(-4)/30). Let u(a) = -3*a**2 + 3*a + 12. Determine u(i).
-24
Let a(y) = -y**3 + 3*y**2 - 3*y + 15. Let w(h) = 2*h**3 + 30*h**2 + 111*h + 31. Let t be w(-9). What is a(t)?
-13
Let v(u) = u**2 + u + 2. Let d be v(0). Let z be (21/(-252)*-12)/(2/(-3 + 47)). Let c(t) = d*t + 10 + 16 + z - 39. Give c(-8).
-7
Let i(c) = -11 + 9*c**2 - 2*c + 6*c - c**3 + 8*c. Suppose 28*y + 2*y = 2100. Suppose 11*g - y = 4*g. What is i(g)?
9
Let k(b) be the third derivative of -1/120*b**6 + 0 - 1/8*b**4 + 0*b**3 - 88*b**2 + 1/15*b**5 + 0*b. What is k(2)?
2
Let b(q) = -q**2 - 2*q + 443. Let g be b(20). Let k(v) = -v**3 + 5*v**2 + v + 2. What is k(g)?
23
Suppose 0 = 7*z - 167 - 57. Let p(w) = -3*w + 48 - z + 2*w. What is p(8)?
8
Let j be (-3 + -17)*(2/(-6))/((-325)/(-390)). Let f(z) = 8*z - 86. Calculate f(j).
-22
Let v be 12/2 - (1 - 1). Let t(q) be the second derivative of -q**5/20 + 5*q**4/12 + 5*q**3/6 + q**2 - 1724*q. Determine t(v).
-4
Let j(z) be the first derivative of -z**2 + 5*z + 1. Suppose -11*t = 4*t - 45. Suppose 6 = 2*n - 2*w, w = n - t*w + 9. Calculate j(n).
-9
Let c(z) = -24*z - 70. Let g be c(-3). Let j(x) = -857*x + 848*x + 7 - x**2 - g. D